{"id":10,"date":"2018-11-01T08:04:59","date_gmt":"2018-11-01T07:04:59","guid":{"rendered":"http:\/\/localhost\/m-webdesign\/?page_id=10"},"modified":"2022-10-27T20:35:28","modified_gmt":"2022-10-27T18:35:28","slug":"leistungen","status":"publish","type":"page","link":"https:\/\/www.mschmidt-webdesign.de\/?page_id=10","title":{"rendered":"Leistungen"},"content":{"rendered":"<h4>Wir finden die passende L\u00f6sung f\u00fcr Sie.<\/h4>\n<p>Um Ihren gew\u00fcnschten Internetauftritt zu erreichen, kl\u00e4re ich als erstes mit Ihnen Ihre W\u00fcnsche und Ziele ab, um anschlie\u00dfend gemeinsam mit Ihnen eine tragf\u00e4hige Strategie zu erarbeiten.<\/p>\n<p>Ich biete ihnen einen rundum Internetservice aus einer Hand.<\/p>\n<ul>\n<li><strong>Webdesign<\/strong><\/li>\n<\/ul>\n<p>Mediengerechte Umsetzung Ihres gew\u00fcnschten Design und Anforderung an Ihren Internetauftritt.<\/p>\n<ul>\n<li><strong>Content Management System (CMS)<\/strong><\/li>\n<\/ul>\n<p>Installation eines Website Redaktionssystems, mit dem Sie Ihren Internetauftritt sp\u00e4ter einfach selbst aktualisieren k\u00f6nnen.<\/p>\n<ul>\n<li><strong>Suchmaschinenoptimierung \/ SEO<\/strong><\/li>\n<\/ul>\n<p>Schneller und einfacher im Internet gefunden werden<\/p>\n<ul>\n<li><strong>Barrierefreies Webdesign<\/strong><\/li>\n<\/ul>\n<p>Webdesign, die f\u00fcr Ihre Benutzer einfach bedienbar und zug\u00e4nglich ist.<\/p>\n","protected":false},"excerpt":{"rendered":"<p>Wir finden die passende L\u00f6sung f\u00fcr Sie. Um Ihren gew\u00fcnschten Internetauftritt zu erreichen, kl\u00e4re ich als erstes mit Ihnen Ihre W\u00fcnsche und Ziele ab, um anschlie\u00dfend gemeinsam mit Ihnen eine tragf\u00e4hige Strategie zu erarbeiten. Ich biete ihnen einen rundum Internetservice aus einer Hand. Webdesign Mediengerechte Umsetzung Ihres gew\u00fcnschten Design und Anforderung an Ihren Internetauftritt. Content &hellip; <\/p>\n<p class=\"link-more\"><a href=\"https:\/\/www.mschmidt-webdesign.de\/?page_id=10\" class=\"more-link\"><span class=\"screen-reader-text\">\u201eLeistungen\u201c<\/span> weiterlesen<\/a><\/p>\n","protected":false},"author":1,"featured_media":109,"parent":0,"menu_order":0,"comment_status":"closed","ping_status":"closed","template":"","meta":{"footnotes":""},"class_list":["post-10","page","type-page","status-publish","has-post-thumbnail","hentry"],"_links":{"self":[{"href":"https:\/\/www.mschmidt-webdesign.de\/index.php?rest_route=\/wp\/v2\/pages\/10","targetHints":{"allow":["GET"]}}],"collection":[{"href":"https:\/\/www.mschmidt-webdesign.de\/index.php?rest_route=\/wp\/v2\/pages"}],"about":[{"href":"https:\/\/www.mschmidt-webdesign.de\/index.php?rest_route=\/wp\/v2\/types\/page"}],"author":[{"embeddable":true,"href":"https:\/\/www.mschmidt-webdesign.de\/index.php?rest_route=\/wp\/v2\/users\/1"}],"replies":[{"embeddable":true,"href":"https:\/\/www.mschmidt-webdesign.de\/index.php?rest_route=%2Fwp%2Fv2%2Fcomments&post=10"}],"version-history":[{"count":4,"href":"https:\/\/www.mschmidt-webdesign.de\/index.php?rest_route=\/wp\/v2\/pages\/10\/revisions"}],"predecessor-version":[{"id":172,"href":"https:\/\/www.mschmidt-webdesign.de\/index.php?rest_route=\/wp\/v2\/pages\/10\/revisions\/172"}],"wp:featuredmedia":[{"embeddable":true,"href":"https:\/\/www.mschmidt-webdesign.de\/index.php?rest_route=\/wp\/v2\/media\/109"}],"wp:attachment":[{"href":"https:\/\/www.mschmidt-webdesign.de\/index.php?rest_route=%2Fwp%2Fv2%2Fmedia&parent=10"}],"curies":[{"name":"wp","href":"https:\/\/api.w.org\/{rel}","templated":true}]}}