{"id":13,"date":"2018-11-01T08:05:00","date_gmt":"2018-11-01T07:05:00","guid":{"rendered":"http:\/\/localhost\/m-webdesign\/?page_id=13"},"modified":"2018-11-05T13:53:32","modified_gmt":"2018-11-05T12:53:32","slug":"referenzen","status":"publish","type":"page","link":"https:\/\/www.mschmidt-webdesign.de\/?page_id=13","title":{"rendered":"Referenzen"},"content":{"rendered":"<p>Hier haben Sie die M\u00f6glichkeit, eine Auswahl meiner erstellten Websites nach Kundenw\u00fcnschen n\u00e4her zu betrachten.<\/p>\n<h4><a href=\"http:\/\/hoffmannundhoffmann.com\" target=\"_blank\" rel=\"noopener\"><img loading=\"lazy\" decoding=\"async\" class=\"alignnone size-full wp-image-52\" src=\"https:\/\/www.mschmidt-webdesign.de\/wp-content\/uploads\/2018\/11\/7.png\" alt=\"\" width=\"200\" height=\"120\" \/><\/a>\u00a0 <a href=\"http:\/\/hoffmannundhoffmann.com\" target=\"_blank\" rel=\"noopener\">www.hoffmannundhoffmann.com<\/a><\/h4>\n<h4><a href=\"http:\/\/hassel-weser.de\" target=\"_blank\" rel=\"noopener\"><img loading=\"lazy\" decoding=\"async\" class=\"alignnone size-full wp-image-53\" src=\"https:\/\/www.mschmidt-webdesign.de\/wp-content\/uploads\/2018\/11\/1.png\" alt=\"\" width=\"200\" height=\"121\" \/><\/a>\u00a0 <a href=\"http:\/\/hassel-weser.de\" target=\"_blank\" rel=\"noopener\">www.hassel-weser.de<\/a><\/h4>\n<p>&nbsp;<\/p>\n<p><img loading=\"lazy\" decoding=\"async\" class=\"alignnone size-full wp-image-51\" src=\"https:\/\/www.mschmidt-webdesign.de\/wp-content\/uploads\/2018\/11\/8.png\" alt=\"\" width=\"199\" height=\"120\" \/>\u00a0 <strong>www.zurluechte.de<\/strong><\/p>\n<p>&nbsp;<\/p>\n<p><img loading=\"lazy\" decoding=\"async\" class=\"alignnone size-full wp-image-50\" src=\"https:\/\/www.mschmidt-webdesign.de\/wp-content\/uploads\/2018\/11\/13.png\" alt=\"\" width=\"200\" height=\"120\" \/>\u00a0 <a id=\"link\" title=\"Mein Privatzimmer\" href=\"http:\/\/www.meinprivatzimmer.com\" target=\"_blank\" rel=\"noopener noreferrer\"><strong>www.meinprivatzimmer.com<\/strong><\/a><\/p>\n","protected":false},"excerpt":{"rendered":"<p>Hier haben Sie die M\u00f6glichkeit, eine Auswahl meiner erstellten Websites nach Kundenw\u00fcnschen n\u00e4her zu betrachten. \u00a0 www.hoffmannundhoffmann.com \u00a0 www.hassel-weser.de &nbsp; \u00a0 www.zurluechte.de &nbsp; \u00a0 www.meinprivatzimmer.com<\/p>\n","protected":false},"author":1,"featured_media":108,"parent":0,"menu_order":0,"comment_status":"closed","ping_status":"closed","template":"","meta":{"footnotes":""},"class_list":["post-13","page","type-page","status-publish","has-post-thumbnail","hentry"],"_links":{"self":[{"href":"https:\/\/www.mschmidt-webdesign.de\/index.php?rest_route=\/wp\/v2\/pages\/13","targetHints":{"allow":["GET"]}}],"collection":[{"href":"https:\/\/www.mschmidt-webdesign.de\/index.php?rest_route=\/wp\/v2\/pages"}],"about":[{"href":"https:\/\/www.mschmidt-webdesign.de\/index.php?rest_route=\/wp\/v2\/types\/page"}],"author":[{"embeddable":true,"href":"https:\/\/www.mschmidt-webdesign.de\/index.php?rest_route=\/wp\/v2\/users\/1"}],"replies":[{"embeddable":true,"href":"https:\/\/www.mschmidt-webdesign.de\/index.php?rest_route=%2Fwp%2Fv2%2Fcomments&post=13"}],"version-history":[{"count":10,"href":"https:\/\/www.mschmidt-webdesign.de\/index.php?rest_route=\/wp\/v2\/pages\/13\/revisions"}],"predecessor-version":[{"id":110,"href":"https:\/\/www.mschmidt-webdesign.de\/index.php?rest_route=\/wp\/v2\/pages\/13\/revisions\/110"}],"wp:featuredmedia":[{"embeddable":true,"href":"https:\/\/www.mschmidt-webdesign.de\/index.php?rest_route=\/wp\/v2\/media\/108"}],"wp:attachment":[{"href":"https:\/\/www.mschmidt-webdesign.de\/index.php?rest_route=%2Fwp%2Fv2%2Fmedia&parent=13"}],"curies":[{"name":"wp","href":"https:\/\/api.w.org\/{rel}","templated":true}]}}